is the tens digit of p?
9
Suppose -4*h = 5*w - 1827, -2*w + 3*h = -457 - 283. What is the units digit of w?
7
Suppose -5*j = -2*j - 3*z - 99, -j + 23 = z. Suppose -2*h + j = -32. What is the units digit of h?
0
What is the tens digit of 18/(-72)*(-120)/(-55) - 84976/(-22)?
6
Suppose 8*f - 180 = 6*f. Suppose 3*v + 2*v = -f. What is the tens digit of -2 + ((-27)/v - (-121)/2)?
6
Let p = -142 - -377. Suppose -4*v - 3*y + 402 = -p, -v + 168 = -y. What is the hundreds digit of v?
1
What is the tens digit of 357*((-3968)/(-24))/31?
0
Let o be 1/(8/72) - 4. What is the hundreds digit of 1437 - -4*o/10?
4
Suppose 3*t - 99*t + 186559 = -409697. What is the thousands digit of t?
6
Let c = 2504 + -2319. Suppose 6 + 0 = -2*u. What is the tens digit of 7/(7/c) + u?
8
Let m be 2/(-5)*(-1 - 139). What is the hundreds digit of -8*(-7)/m - -524?
5
Let j(l) = 34*l + 13 + 2*l**2 - 21 - 15. What is the units digit of j(-24)?
3
Suppose -2*z - 8 = 0, 6*t - t + 2*z = -8. Suppose 2*b - o - 2 + 1 = 0, -5*b + o + 1 = t. Suppose 0 = 3*f - 3, 4*d + 2*f - 1138 = b. What is the tens digit of d?
8
What is the hundreds digit of (-8)/12*(-6 - 11187)?
4
Let z = 11795 - 3425. What is the tens digit of z?
7
Let c(n) = 1017*n - 101. What is the units digit of c(7)?
8
Let q(c) = -32*c - 228. Suppose 0 = 2*y + 12*b - 7*b + 15, 66 = -5*y - 3*b. What is the tens digit of q(y)?
5
Let v be 0/((-12)/3)*(-2)/2. Suppose v = 8*p + 5*p - 130. What is the units digit of p - ((-3 - -7) + -2)?
8
Let y = 251 + 4464. What is the thousands digit of y?
4
Let x = 61410 - 43249. What is the ten thousands digit of x?
1
Suppose -250765 = -71*z + 108069. What is the hundreds digit of z?
0
Let p(m) = -m**2 + 23*m. Let y be p(10). What is the units digit of 52/y - (-1216)/10?
2
Suppose -p + 9023 = -3334. Suppose -41*h + 50*h = p. What is the units digit of h?
3
Let w(l) = -l**3 + 11*l**2 - 12*l + 23. Let b be w(10). Let j(h) = 34*h**3 - 6*h**2 + 11*h - 11. What is the units digit of j(b)?
6
Let z = -38494 - -64325. What is the units digit of z?
1
Let t(m) = -1336*m + 3341. What is the units digit of t(-17)?
3
Suppose -5*f - 2*r + 1201 = 0, 7*f - 972 = 3*f + 4*r. Let z(o) = 13*o - 2. Let q be z(-13). Let x = q + f. What is the tens digit of x?
7
Let a be (-16 + (-12)/(-4))*-1. Suppose -b = 121 - a. Let f = b - -188. What is the units digit of f?
0
Let l be 1/2*2*0. Suppose -y + 5*o + 108 = l, -3*y + 274 + 50 = o. What is the units digit of 1596/y + (-11)/(-9) + -1?
5
Let q(m) = -m + 18*m - 7*m - 2*m**3 - 19*m**2 - 14 - 12*m**2. What is the units digit of q(-16)?
2
Let s be (-93)/(-12)*(4 + 288/3). Let c be (s/10)/(((-3)/(-18))/1). Let g = c + -280. What is the units digit of g?
5
What is the tens digit of (((-66)/22)/(-3))/(1/15839)?
3
Let l be (5 - 2) + (-5 - 8). What is the units digit of 1618/5 + ((-24)/l)/6?
4
Let p = -13451 - -18019. What is the hundreds digit of p?
5
Let t be (-1)/(9*(-4)/(-72)). What is the tens digit of 3/t - (-3340)/40?
8
Let o(r) = r - 6. Let b = 117 - 126. Let i be o(b). What is the units digit of i/(((-12)/(-90))/(-2))?
5
Let c(u) = 1175*u**2 - 44*u + 262. What is the units digit of c(-6)?
6
Suppose -u + 3780 = 6*u. Suppose 0 = -5*f + u + 2095. Suppose 3*r - 2*v - 487 = 3*v, 3*r + 5*v = f. What is the tens digit of r?
6
Let h be 2/6 - (-15944)/(-24). Let a = 805 + h. What is the units digit of a?
1
Suppose -59*y + 266227 + 219287 = -5*y. What is the thousands digit of y?
8
Let y(l) = -6*l**2 - 92*l + 52. Let x be y(-21). Let k = x - -1609. What is the tens digit of k?
4
Let k(v) be the first derivative of 3*v**2 + v + 16. Let r be k(5). Suppose -r*x = -36*x + 660. What is the hundreds digit of x?
1
What is the hundreds digit of 50588*4/32 + 4/8?
3
What is the tens digit of 22/2*(213 + -26)?
5
Let b be (36/(-10))/(12/30). Let d be (1 - -1) + b + -1. What is the tens digit of (-15)/10 - 284/d?
3
Let b(k) = 659*k - 166. Let v be b(5). Suppose -10*g - 11*g = -v. What is the units digit of g?
9
Suppose 21*y = 20*y + 3. Suppose 256 = y*f + f. What is the tens digit of f?
6
Let u = 57 - -48. Let w = u - -1133. Suppose 8*y + 102 - w = 0. What is the units digit of y?
2
Let f be ((-728)/8)/13 - -439. Let p = -1 - -11. Suppose -p*l + 7*l + f = 0. What is the units digit of l?
4
Let s = 10261 + -2891. What is the hundreds digit of s?
3
Let l(v) = 39*v**3 - 4*v**2 - 14*v + 47. What is the tens digit of l(4)?
2
Let g = -58 - -62. Suppose -10*a = -g*a + 1518. Let r = -113 - a. What is the tens digit of r?
4
Let k be 2 + -1 - (-3)/(-3)*-2. Suppose m - n - 138 = 0, -k*m - 5*n = -4*m + 146. Suppose -2*b = -4*a - m, 2*b - 7*b = 2*a - 292. What is the units digit of b?
0
Let h(a) = -a**3 - a**2 + 13*a + 8. Let v be h(-4). Suppose 13*l = 15*l + v, -b + 179 = -l. What is the hundreds digit of b?
1
Let b be (0/((-24)/4))/(1/(-1)). Suppose b = -7*c + 2*c + 5, -4*c + 3493 = 3*p. Suppose 6*z = p - 197. What is the hundreds digit of z?
1
Suppose -27*q + 184342 - 38632 = -110790. What is the units digit of q?
0
Suppose 5*o + 401 = 2*q + 75, 5*o + 4*q = -338. Let h = o + 71. What is the tens digit of 166 + 2*(-5)/h?
6
Suppose -f - 2*a - 2*a = -38, 3*a - 139 = -4*f. Let h = f - 20. Suppose -h*b + 115 = -9*b. What is the tens digit of b?
2
Suppose -1652 - 2539 = -3*t. Let k = -884 + t. Suppose 97 = -4*d + k. What is the tens digit of d?
0
Let d(f) = 43*f**2 - 42*f - 11. What is the thousands digit of d(10)?
3
Suppose 4*y = -3*q + 16 - 6, 3*q = 5*y - 26. Let u be ((-6)/2)/(-3*y/752). Suppose -7*p + 1420 = u. What is the units digit of p?
6
Suppose -10*y - 40 = -3*a - 6*y, -2*a + 20 = -4*y. Suppose 85*p - 88*p + 2033 = s, -4*s + a = 0. What is the tens digit of p?
7
Let h = -9684 + 24493. What is the tens digit of h?
0
Let x = 275 + -272. Suppose x*i - 2*q + 735 - 3257 = 0, -4*q + 20 = 0. What is the hundreds digit of i?
8
Let g = 12653 - -6734. What is the units digit of g?
7
Let q(k) = -25*k. Let d be q(-3). Let v be 756/10 - 49/(-35). Suppose -3*t + 4*x + 128 = -d, t + x = v. What is the tens digit of t?
7
What is the ten thousands digit of (18/36)/(12/2065440)?
8
Suppose 3*y - 30207 = -2*w + 51974, -4*w + 27407 = y. What is the units digit of y?
1
Let x = -1549 + 918. Let u = x + 1190. What is the units digit of u?
9
Suppose 5*p - 2*z - 21 = -z, 3*p = 3*z + 3. Suppose -p*i = -21*i + 32. Suppose 3*g - 605 = -i*g. What is the tens digit of g?
2
Let p(m) = -46*m**2 - 12 + 45*m**2 + 35 - 5*m. Let s be p(-6). Let g = s + 3. What is the units digit of g?
0
Let w = -4975 - -15260. What is the tens digit of w?
8
Suppose 7211 = d - 14*v + 15*v, 2*d = v + 14428. What is the units digit of d?
3
Let l(p) = -104*p + 3637. What is the tens digit of l(-11)?
8
Let f(y) = 7*y**3 - 30*y**2 + 264*y + 59. What is the hundreds digit of f(8)?
8
Let v = 786 + -781. Suppose 0 = -5*h + 4*u + 4189, -v*u + 2829 = 3*h + 286. What is the units digit of h?
1
Let p be -1 - (-57)/18 - (-1)/(-6). Suppose -p*w = -3*w, 0 = -3*r + 5*w. Suppose r = -4*x + 179 + 61. What is the tens digit of x?
6
Let a be 4 + -5 + -72 - (3 - -2). Let f = 165 + a. What is the tens digit of f?
8
Let m = -94 - -96. Let x be (-152)/(-26) + (-4)/(-26). Suppose -x*y + n + 336 = -y, m*y = -n + 133. What is the tens digit of y?
6
Let j = -678 + 676. What is the units digit of 18 - (j - (-3 + -2 + 5))?
0
Suppose 0 = -2*s - 2*g - 2, 2*s - 2*g - g = -27. Let y be s*(-3)/9 + 86. Let x = y - 45. What is the tens digit of x?
4
Let r = -14 + 25. Let q(n) = 2*n**2 + 15 - 47*n + 4*n + 31*n. What is the units digit of q(r)?
5
Let j = 148 - 33. Let w = j + -74. Let m = w - 34. What is the units digit of m?
7
Let u = -1276 + 1353. Let a be 0 + 0 - 5*5. What is the tens digit of u + 0 - (21 + a)?
8
Let s be 3/((-2)/3*(-9)/106). Let x = s + -56. What is the tens digit of (-160)/x*(-3 - 126/(-30))?
6
Let b(o) = o**3 + 20*o**2 - 21*o + 152. What is the thousands digit of b(21)?
7
Suppose 5*s + 10*s - 261214 = -80824. What is the tens digit of s?
2
Suppose -2*c = -5*y + 206, 2*c + 1 = -5. Let z(h) = -h**3 - 7*h**2 - 2*h - 10. Let i be z(-7). Suppose 128 - y = i*m. What is the units digit of m?
2
Let a(d) = d**3 + 5*d**2 - 3. Let p be a(-5). What is the hundreds digit of (-1)/(p - 2536/(-848))?
1
Suppose -4*c = -v + 319, 7*v - c - 645 = 5*v. What is the tens digit of v?
2
Let r(